 + 10. Let m be y(-4). Let c be 32 - (3 + m + 3). Suppose -4*w - 4*f + c = 0, -3*f - 2 = -8. What is the units digit of w?
5
Let r(h) = -5*h - 15. Let t be r(-6). Let x = t - 41. Let v = x - -29. What is the units digit of v?
3
Let q = -6 + 23. Let s(v) = v**2 + v + 2. Let n be s(-2). Suppose -a + n*l - q = -2*a, a = 3*l + 24. What is the tens digit of a?
2
Suppose -3*k + 14*u + 3076 = 12*u, 0 = -5*u + 20. What is the units digit of k?
8
Suppose 13*y = 21*y - 10056. What is the thousands digit of y?
1
Let l = -148 + 30. Let x = -55 - l. What is the units digit of x?
3
Suppose -g - 107 = -118. Let w = g + 181. What is the hundreds digit of w?
1
Suppose c - 3*c = -2*i - 146, 2*i = c - 141. Let a = i + 119. What is the units digit of a?
1
Let d(r) be the first derivative of -6*r**2 - 11*r - 6. What is the units digit of d(-5)?
9
Let w(s) = s**3 + 3*s**2 + 2*s - 2. Let c = 1 + -3. Let a be w(c). Let y = 10 - a. What is the units digit of y?
2
Suppose 297*b = 293*b + 3172. What is the tens digit of b?
9
Let g = -277 + 490. What is the units digit of g?
3
Let a(n) = -41*n + 54. What is the hundreds digit of a(-13)?
5
What is the tens digit of 5302/8 + 75/12 + -6?
6
Let h = -344 - -579. What is the units digit of h?
5
Suppose 2*k - k = -117. Let m = k + 164. What is the units digit of m?
7
Let o be ((-35)/(-15))/(2/30). Suppose z + 2*r = 15, -3*r = -12 + 3. Let y = z + o. What is the units digit of y?
4
Suppose 3*p + 484 = 2*o - 270, 0 = 4*o - 3*p - 1508. Suppose g + 44 - 147 = -4*h, 3*g - o = 5*h. What is the hundreds digit of g?
1
Let w(g) = 4*g**3 + 9*g**2 - 21*g - 3. What is the tens digit of w(4)?
1
Suppose -4*c = 3*r - 733, -1 + 360 = 2*c + 3*r. What is the tens digit of c?
8
What is the tens digit of 6 + -7 - -4 - -959?
6
Let y(b) = -b**3 - b**2 + b. Let q(n) = 23*n**3 - 4*n**2 + n + 2. Let j(a) = q(a) - 2*y(a). What is the units digit of j(1)?
4
Suppose 46 = -5*n + 16. What is the hundreds digit of (-878)/n - (-8)/12?
1
Let q = 854 - 258. What is the hundreds digit of q?
5
Suppose p = -3*y + 394, 1 = 4*y - 5*y. What is the tens digit of p?
9
What is the hundreds digit of 0 - (13/(39/18) - 4209)?
2
Let z = 2805 + -1396. What is the units digit of z?
9
Let m be (-1)/5 - (-4152)/60. Let p = -100 + 146. Let j = m - p. What is the units digit of j?
3
Let y be -14*(-4)/(8/1). Let t = 8 - y. Suppose 2*h - h = t. What is the units digit of h?
1
Suppose -30*a = -8059 - 27431. What is the thousands digit of a?
1
Suppose 4*c + 52 = 8*c. Let h(p) = -p**3 + 13*p**2 + p - 10. What is the units digit of h(c)?
3
Let m be (1/(-2))/(12/(-3336)). Let f = m - 69. What is the units digit of f?
0
Let x = 2693 + -2154. What is the tens digit of x?
3
Suppose 3*f + 0 - 6 = 0. Suppose 0 = -4*w + f*w. Let b = w - -8. What is the units digit of b?
8
Let s(h) = -4*h + 4 + 7*h + 2 - 24*h. What is the units digit of s(-8)?
4
Let u = 22 + -20. Suppose 283 = u*i + 55. Suppose i = 5*f - 171. What is the tens digit of f?
5
Suppose -20 = -f - 0*f. Suppose z = -3*z + f. Suppose 35 = z*g + 5. What is the units digit of g?
6
Let v = -193 - -373. Suppose 4*j = 40 + v. What is the tens digit of j?
5
Let i = -4656 + 6538. What is the hundreds digit of i?
8
Let u be 0 - (-1 - (-1 + 2)). Suppose 3*p = -2*w - u*w + 42, p - 1 = 3*w. Suppose h = -p + 35. What is the tens digit of h?
2
Let z(o) = o**2 + 6*o + 1. Let r be z(-4). Let p(g) = -g**2 - 5*g + 6. Let f be p(r). Let t = 3 - f. What is the tens digit of t?
1
Let w(n) be the second derivative of n**4/12 + n**3/2 + 63*n**2/2 - 4*n. What is the units digit of w(0)?
3
What is the units digit of (8/6)/(28/63) + 4914?
7
Let o = -14 - -25. Let q = o + -3. What is the units digit of q/28 - (-124)/7?
8
Suppose -4*y = -6 - 10. Let u(o) be the second derivative of o**4/4 - o**3 + o**2 - 12*o. What is the units digit of u(y)?
6
Let w be ((-44)/(-55))/(1/5). Suppose 6 = h + l, 6*h = 3*h - w*l + 21. What is the units digit of h?
3
Let g = 3 - -1. Let s be g/(-10) - 10/(-25). What is the units digit of 55/(-15)*(-3 + s)?
1
Suppose i + 3*n - 7*n + 17 = 0, 2*n - 22 = -4*i. Suppose 0 = -i*b - b + 480. What is the hundreds digit of b?
1
Suppose -5*q - 2*q = 224. Let j = q - -50. Suppose -3*r - 2*u + 5*u = -27, 2*r = 5*u + j. What is the units digit of r?
9
Let d(r) = -33*r**3 + r. Let j be d(-1). Suppose -98 = -3*k - j. Let p = -20 + k. What is the units digit of p?
2
Suppose 4*b = 11 + 73. Suppose -3*h = -6, 4*m - 523 = 5*h - b. Let a = -68 + m. What is the tens digit of a?
6
Let b(h) = 13*h + 4. Let g(x) = -25*x - 7. Let m(d) = -5*b(d) - 3*g(d). Suppose -3*r = -r + 2*t, -4*r + 5*t + 27 = 0. What is the units digit of m(r)?
1
Let w = -59 - -38. Suppose 0 = -p - p + 6. Let a = p - w. What is the tens digit of a?
2
Suppose 3 = -3*w + 36. Suppose -3*n = 4*t, 0 = n - 3*n - 8. Let j = w - t. What is the units digit of j?
8
Let v = 101 - -195. What is the hundreds digit of v?
2
Let j(m) = -17*m + 3. Let i be j(-3). Suppose -3*z + 2*t = -z - 36, -i = -4*z - 5*t. Suppose z = k - 2. What is the tens digit of k?
1
Let p(r) = -239*r**3 - r. Let i be p(1). Let k be i/(-36)*(-66)/(-2). What is the units digit of k/4 + (-1)/(-1)?
6
Let v be 20/6*30/20. Suppose v*b + 5*g - 40 = 0, -b = -3*g + 2 + 6. Suppose -b*r = -7*r + 33. What is the units digit of r?
1
Let h(n) = n + 346. Let i be h(0). Suppose 2 = -3*g + 2*g, 4*b - i = -5*g. What is the tens digit of b?
8
Suppose -2*n = -2*d + 10, 0 = n + 4*d + 13 + 2. Let a(g) = g**3 + 7*g**2 - 7*g - 7. What is the tens digit of a(n)?
4
Let b(o) = o - 3. Suppose 4*y + 5*p = 43, -4*p = -5*y + 10 + 13. Let z be 1/2*(y + 3). What is the units digit of b(z)?
2
What is the hundreds digit of -5*2/(-25) - 150732/(-45)?
3
Let o(g) = -g**2 + 6*g - 6. Let b be o(4). Suppose -2*x = 3*x - j - 12, -b*j = -2*x. Suppose -4 = -c - x. What is the units digit of c?
1
Let y(j) = j**3 - j + 39. Let p be y(0). Suppose -p = x + 29. What is the units digit of ((-12)/(-3))/((-8)/x)?
4
Let i(b) = 27*b**3 + 4*b**2 + 2*b + 15. What is the tens digit of i(4)?
1
Suppose 2*b = -3*n + 6843, -n - b - 11392 = -6*n. What is the hundreds digit of n?
2
Suppose -51*m = -23*m - 4536. What is the hundreds digit of m?
1
Suppose 103*f - 4942 = 96*f. What is the hundreds digit of f?
7
Let a = 67 - 45. What is the tens digit of 0/(3/1) + a?
2
Let x = -245 + 433. What is the hundreds digit of x?
1
Let v = -218 - -241. What is the tens digit of v?
2
Suppose 0 = -30*r - 10*r + 22880. What is the tens digit of r?
7
Suppose -8*f + 419 + 1925 = 0. Let v = f - 103. What is the tens digit of v?
9
Let m(l) = -3*l**2 + 115*l - 28. What is the units digit of m(32)?
0
Let r be (-2)/13 - 778/13. Let z = 36 + r. Let q = 26 + z. What is the units digit of q?
2
Suppose 0 = 4*q - 3*z - 125, 0 = -4*q - 2*z - 21 + 171. What is the units digit of q/(-10)*(-40)/14?
0
Let d(q) = -q**2 + 9*q - 11. Let x be d(7). Suppose -x*u = 5*p - 2*u - 14, p - u - 4 = 0. What is the units digit of p?
3
Let l(a) be the third derivative of a**6/30 - a**5/12 + a**4/8 + a**3 + 29*a**2. What is the units digit of l(4)?
4
Let m be 14/3 + (-4)/6. Let i(r) = r**3 - 6*r**2 - 22*r - 5. Let a be i(10). Suppose a = 5*j - 4*p, -69 + 18 = -j + m*p. What is the tens digit of j?
3
Let s = 373 - 224. Suppose 2*l + s = 2*y + 457, 0 = 2*l + 4*y - 308. What is the tens digit of l?
5
Let g = 24 + -27. What is the tens digit of 663/9 - 1/g?
7
Let t be (-2)/18 + 6/54. Suppose -5*q = -0 + 5, t = -2*o + q + 101. What is the tens digit of o?
5
Let w = -26 + 35. Suppose 5*q = w*q - 272. What is the units digit of q?
8
Suppose -2*f + 5*a + 9 = 0, 0 = -4*f + 3*a - 28 + 39. Suppose 152 = f*y - 384. What is the tens digit of y?
6
Let d(p) = -20*p - 1. Let o(x) = -4*x**2. Let r(c) = c**2. Let y(f) = o(f) + 3*r(f). Let b be y(-1). What is the tens digit of d(b)?
1
Suppose -4*c - 3*u + 13 = 0, -5*u = -2*u + 15. Suppose -5*w + c - 2 = 0. Suppose -r = -0 - w, m = -4*r + 38. What is the tens digit of m?
3
Let h = 5 - -1. Let k = h + -8. Let j = 9 - k. What is the tens digit of j?
1
Suppose 25428 = 32*w - 41260. What is the units digit of w?
4
Let t = 32 - 14. Let j = t - -62. Suppose 3*k - 4*p - j = -8*p, -3*k = -4*p - 88. What is the units digit of k?
8
Let k = -10 + -144. Let h = 68 - k. What is the units digit of h?
2
Let y = -6 + 1